
7
Let p(m) = 7*m**2 + 1072*m + 8986. Calculate p(-144).
-230
Let q(b) = 9642*b - 19669675. Determine q(2040).
5
Let v(f) = -7*f**2 + 494*f - 1954. Determine v(4).
-90
Let d(t) = -2*t**2 + 11745*t + 472996. Determine d(-40).
-4
Let s(z) = z**2 + 74*z - 2799. Calculate s(-106).
593
Let m(k) = k**3 - 43*k**2 - 734*k + 422. Give m(56).
86
Let d(v) = -3890*v - 96937. Determine d(-25).
313
Let m(y) = -6681*y - 547825. Determine m(-82).
17
Let t(x) = -x**2 - 2223*x - 52778. Determine t(-24).
-2
Let p(d) = 3*d**2 - 122. Give p(19).
961
Let x(w) = -7*w**2 + 11345*w - 11346. Give x(1).
-8
Let f(r) = -3409*r - 2621562. Give f(-769).
-41
Let t(q) = q**3 + 11*q**2 - 1020*q + 55. Calculate t(-38).
-173
Let u(n) = -3*n**3 - 81*n**2 - 8*n + 84. What is u(-27)?
300
Let a(k) = -2*k**3 + 11*k**2 - 507*k - 2568. Determine a(-5).
492
Let s(z) = -z**2 - 943*z - 75933. Determine s(-89).
73
Let m(l) = 4*l**2 - 9875*l + 29611. Give m(3).
22
Let b(w) = -2526*w - 1636882. Calculate b(-648).
-34
Let c(j) = -7*j**3 + 298*j**2 + 464*j - 14405. Give c(43).
0
Let u(q) = 235711*q - 6128491. What is u(26)?
-5
Let u(g) = -10*g**3 + 532*g**2 - 92*g - 758. Calculate u(53).
-16
Let j(f) = -15*f**2 - 596*f + 78. Calculate j(-39).
507
Let b(n) = -58*n**2 + 2574*n - 1012. Calculate b(44).
-44
Let p(g) = 4556*g - 63409. Give p(14).
375
Let q(v) = v**2 - 124*v + 2990. Give q(65).
-845
Let g(c) = 2*c**2 + 158*c - 5299. Give g(28).
693
Let b(h) = 1352*h + 1296. Calculate b(-1).
-56
Let k(a) = 34*a**3 - 7512*a**2 - 443*a - 74. What is k(221)?
-295
Let j(a) = -a**3 + 298*a**2 - 679*a + 113479. Calculate j(297).
25
Let a(f) = -1537*f**2 - 2987*f + 5984. Give a(2).
-6138
Let f(m) = -m**3 - 109*m**2 + 8*m + 937. Determine f(-109).
65
Let q(j) = -5435*j + 173917. Calculate q(32).
-3
Let q(x) = -34*x + 213. Give q(15).
-297
Let p(s) = s**2 + 4794*s - 52789. What is p(11)?
66
Let u(d) = -d**3 + 64*d**2 - 995*d + 726. Determine u(39).
-54
Let n(t) = -52*t**2 + 7852*t - 49. Calculate n(151).
-49
Let h(c) = -c**3 - 24*c**2 - 15165*c - 135264. Give h(-9).
6
Let b(p) = 157810*p - 2682766. Determine b(17).
4
Let a(r) = r**2 + 335*r + 26298. Determine a(-125).
48
Let n(x) = -69964*x + 629670. Calculate n(9).
-6
Let d(u) = 10*u**3 - 30*u**2 + 166*u - 109. Determine d(7).
3013
Let c(t) = 2333*t - 6199. Calculate c(4).
3133
Let s(l) = l**3 - 8*l**2 + 5357*l - 64465. Calculate s(12).
395
Let w(k) = k**2 - 122*k + 3316. Determine w(108).
1804
Let d(p) = p**2 - 134*p - 41242. Determine d(-148).
494
Let u(y) = 6*y**3 - 4*y**2 - 57*y - 98. Calculate u(-3).
-125
Let q(d) = -d**3 - 95*d**2 - 2282*d - 790. What is q(-45)?
650
Let w(i) = -i**2 - 522*i - 31910. Determine w(-73).
867
Let p(d) = -32760*d + 655332. Give p(20).
132
Let p(r) = -r**3 - 31*r**2 + 163*r + 7944. What is p(-22)?
2
Let g(s) = 170*s + 241. Determine g(-26).
-4179
Let l(u) = 147970*u + 7250537. Determine l(-49).
7
Let h(m) = 20223*m - 606696. What is h(30)?
-6
Let f(i) = 319*i**2 - 1905*i - 30. Calculate f(6).
24
Let o(v) = -v**2 - 40153*v - 401397. Determine o(-10).
33
Let j(r) = -1892*r - 58648. Determine j(-31).
4
Let x(q) = -5*q**2 + 42491*q - 42491. Determine x(1).
-5
Let x(a) = a**3 - 80*a**2 - 176*a + 29. Calculate x(83).
6088
Let g(a) = a**3 - 160*a**2 + 2586*a - 535. What is g(18)?
5
Let w(f) = f**2 - 92021*f - 828218. Give w(-9).
52
Let d(y) = -y**3 + 1267*y**2 - 1187*y - 99972. What is d(1266)?
42
Let p(x) = 3*x**2 + 3144*x + 66668. Determine p(-21).
1967
Let c(u) = 702*u - 20403. What is c(29)?
-45
Let t(x) = 189*x - 45499. Determine t(238).
-517
Let d(t) = 36*t**2 - 4970*t - 235. What is d(138)?
-511
Let v(y) = 967*y**2 - 542466*y - 11774. Give v(561).
7
Let r(m) = m**3 + 10*m**2 + 280*m + 2346. Determine r(-9).
-93
Let s(b) = -3*b**3 - 598*b**2 + 17300*b - 5624. Calculate s(-225).
1
Let i(n) = n**3 + 18*n**2 - 7889*n - 149529. What is i(-19)?
1
Let f(i) = 179*i**2 + 16*i + 23. What is f(-2)?
707
Let j(m) = m**2 + 19625*m - 432234. Determine j(22).
0
Let j(m) = -m**3 - 2*m**2 + 762*m + 5865. Determine j(-8).
153
Let f(t) = -184*t + 4552. What is f(23)?
320
Let t(d) = -6*d**3 - 171*d**2 + 92*d + 15428. Give t(-25).
3
Let m(p) = 33079*p + 31. Calculate m(0).
31
Let d(r) = 79689*r + 159320. Give d(-2).
-58
Let r(f) = 23*f**3 - 1931*f**2 - 90*f + 513. Determine r(84).
9
Let k(x) = -x**3 + 14*x**2 - 404*x + 1673. Calculate k(4).
217
Let l(i) = -128347*i - 1283490. What is l(-10)?
-20
Let l(c) = c**2 - 109*c - 9922. What is l(-59)?
-10
Let p(f) = -63057*f - 2585320. Calculate p(-41).
17
Let f(t) = 63*t**2 + 30786*t - 10258. Calculate f(-489).
11
Let o(p) = -12*p**3 + 228*p**2 + 332*p - 249. Determine o(-2).
95
Let s(d) = 2*d**2 + 756*d + 58340. Determine s(-108).
20
Let h(d) = -6067*d**2 + 351885*d + 98. Determine h(58).
40
Let a(t) = 307*t - 15671. Give a(47).
-1242
Let r(x) = 17*x**2 + 12014*x - 48325. Determine r(4).
3
Let m(p) = 108927*p + 435917. Determine m(-4).
209
Let z(i) = -284*i + 43644. Give z(154).
-92
Let z(y) = 10*y**3 + 288*y**2 - 46*y - 454. What is z(-29)?
-802
Let y(j) = -6022*j**2 + 18003*j + 170. Determine y(3).
-19
Let d(x) = -3*x**3 - 188*x**2 + 70*x + 445. Calculate d(-63).
4
Let p(k) = 59282*k - 4149736. What is p(70)?
4
Let q(z) = -72*z**2 - 245*z + 12. Calculate q(-4).
-160
Let i(q) = q**2 - 327*q + 5541. What is i(312)?
861
Let v(i) = -373*i**3 + 2*i**2 - 31*i + 30. Determine v(1).
-372
Let s(g) = 228564*g + 1142840. Calculate s(-5).
20
Let m(f) = -2462*f + 1063584. What is m(432)?
0
Let p(r) = r**3 - 1306*r**2 - 4297*r + 484330. Calculate p(1309).
0
Let t(w) = w**3 - 66*w**2 + 427*w + 117. Calculate t(59).
943
Let l(c) = 701*c**2 + 442332*c + 559. Determine l(-631).
-72
Let n(b) = 15*b**3 - b**2 - 67*b + 257. What is n(5)?
1772
Let a(o) = -2*o**2 - 780*o + 5447. What is a(7)?
-111
Let q(d) = -51155*d + 2506557. Calculate q(49).
-38
Let i(d) = -5*d**2 + 27*d + 125. Give i(13).
-369
Let k(i) = i**2 - 4306*i - 43166. Give k(-10).
-6
Let l(w) = -6*w**2 + 2524*w - 263144. Determine l(230).
-24
Let a(z) = 5*z**3 + 2157*z**2 - 5629*z + 5644. What is a(-434)?
2
Let y(i) = -15*i**3 - 29956*i**2 - 1914*i + 165745. What is y(-1997)?
-6
Let n(x) = 174*x**3 + 337*x**2 - 340*x + 3. Calculate n(1).
174
Let j(m) = 14*m**2 + 5845*m - 14636. Give j(-420).
64
Let x(q) = -1738*q + 403224. What is x(232)?
8
Let j(p) = -p**3 - 260*p**2 + 47109*p - 3. Determine j(123).
-3
Let y(g) = -202*g**2 + 180*g + 782. Determine y(-4).
-3170
Let c(y) = 92*y**2 - 6479*y - 176636. Calculate c(-21).
-5
Let u(f) = -5959*f + 834199. Determine u(140).
-61
Let f(m) = -4*m**2 - 232*m - 1700. Give f(-47).
368
Let q(d) = -3*d**3 - 11*d**2 - 82*d + 209. What is q(-12)?
4793
Let c(i) = -8*i**3 - 208*i**2 - 85*i - 2501. Calculate c(-26).
-291
Let k(h) = -317*h - 7907. Give k(-25).
18
Let w(r) = -r**3 - 44*r**2 - 320*r + 2037. Give w(-32).
-11
Let v(l) = -3774*l + 486830. What is v(129)?
-16
Let a(w) = -2*w**2 + 36898*w + 147602. What is a(-4)?
-22
Let r(w) = 6*w**3 - 40*w**2 + 14*w + 19. Give r(1).
-1
Let w(f) = 10*f**3 - 4*f**2 - 5936*f - 17798. What is w(-3)?
-296
Let o(c) = -2662*c - 7562. Calculate o(-3).
424
Let n(m) = -182*m - 3031. Calculate n(-14).
-483
Let a(w) = 12*w**2 + 1659*w + 308. Determine a(-138).
-106
Let i(c) = 23*c**2 - 52*c + 231. Determine i(4).
391
Let z(s) = 2*s**2 + 365*s + 109. What is z(-182)?
-73
Let q(t) = -2989*t + 36910. Calculate q(12).
1042
Let l(f) = f**2 - 18103*f - 72393. Determine l(-4).
35
Let y(u) = 8*u**3 - 14*u**2 - 28*u + 3. Calculate y(3).
9
Let l(b) = 8*b**2 + 124*b + 1284. Determine l(-11).
888
Let x(t) = 7*t + 6105. Determine x(-62).
5671
Let u(c) = 2*c**2 + 1318*c - 103635. Calculate u(71).
25
Let f(h) = -3*h**3 + 44*h**2 - 134*h + 95. Calculate f(10).
155
Let o(n) = 338930*n + 2033561. Give o(-6).
-19
Let z(d) = d**3 - 14*d**2 - 156*d + 163. What is z(1)?
-6
Let j(t) = 17*t**2 + 3236*t + 153223. Determine j(-102).
19
Let i(l) = 5750*l**2 + 34056*l - 2664. Determine i(-6).
0
Let q(v) = -2082*v - 13536. Give q(-6).
-1044
Let b(i) = 6*i + 1378. Calculate b(-220).
58
Let v(q) = 3*q**2 + 449*q + 13055. Determine v(-40).
-105
Let h(w) = -2*w + 42. Give h(-1).
44
Let g(p) = -742*p**2 + 2945*p + 111. Determine g(4).
19
Let q(c) = -c**2 - 1739*c - 78335. Give q(-46).
-457
Let l(d) = 437*d**3 + 10*d**2 - 38*d + 3